termine j(-16).
-10
Let p(k) = -k**2 + 93*k - 799. What is p(82)?
103
Let o(y) = -y**3 + 14*y**2 - 39*y + 168. Determine o(11).
102
Let y(g) = 91*g + 1530. Calculate y(-17).
-17
Let y(v) = 8*v**2 - 330*v - 244. Determine y(42).
8
Let h(o) = 37*o + 487. Determine h(-13).
6
Let a(s) = -s**3 - 29*s**2 - 29*s + 669. What is a(-27)?
-6
Let v(s) = 44*s**2 - 92*s + 182. Give v(2).
174
Let q(f) = f**3 + 44*f**2 - 174*f + 901. Give q(-48).
37
Let g(m) = m**2 + 82*m + 1632. Give g(-41).
-49
Let q(v) = -5*v**3 - 48*v**2 - 24*v + 1. Calculate q(-9).
-26
Let y(k) = k**3 - 24*k**2 + 210*k - 3085. What is y(21)?
2
Let s(i) = -166*i - 976. What is s(-6)?
20
Let q(s) = s**3 - 12*s**2 - 28*s + 29. What is q(14)?
29
Let h(p) = 39*p**2 - 504*p - 44. Determine h(13).
-5
Let l(b) = b**3 - 8*b**2 + 49*b - 374. What is l(8)?
18
Let n(g) = -6868*g + 13739. Give n(2).
3
Let l(h) = 317*h + 5718. Calculate l(-18).
12
Let n(p) = -3*p**2 + 30*p + 354. Calculate n(17).
-3
Let m(l) = 2*l**2 - 18*l - 77. What is m(12)?
-5
Let c(u) = -2*u + 171. What is c(6)?
159
Let x(b) = 3*b**2 + 481*b - 21911. Determine x(37).
-7
Let j(d) = 2*d**3 - 136*d**2 - 138*d - 2. Calculate j(69).
-2
Let i(l) = -5*l**3 + l**2 - 78*l + 166. Give i(2).
-26
Let x(p) = -p**2 - 777*p - 24547. What is x(-33)?
5
Let s(v) = 11*v**3 - 3*v**2 + 218*v - 218. Determine s(1).
8
Let j(a) = 2*a**2 + 21*a - 18. What is j(4)?
98
Let p(z) = 2*z**2 - 25*z + 56. Determine p(4).
-12
Let m(c) = -106*c + 103. Determine m(7).
-639
Let b(l) = -l**3 + 38*l**2 + 169*l - 39. Give b(42).
3
Let z(y) = 2*y**3 + 23*y**2 - 13*y - 13. What is z(-12)?
-1
Let x(k) = k**2 + 61*k - 9. Determine x(-24).
-897
Let f(p) = -p**3 + 25*p**2 - 67*p + 5. Calculate f(22).
-17
Let h(l) = -656*l - 53. What is h(0)?
-53
Let q(m) = 7*m**2 + 1490*m + 2977. What is q(-2)?
25
Let j(g) = -3*g**3 + 109*g**2 - 41*g + 121. What is j(36)?
-59
Let a(y) = -y**2 + 37*y - 257. What is a(8)?
-25
Let b(t) = -t**2 - 331*t + 14433. Give b(39).
3
Let o(x) = -4*x**2 + 5*x + 281. What is o(9)?
2
Let u(d) = 2*d**3 + 22*d**2 + 51*d - 2. Calculate u(-7).
33
Let i(y) = -48*y**2 - 143*y - 1. What is i(-3)?
-4
Let l(y) = -146*y - 832. Determine l(-6).
44
Let m(s) = 2*s**3 - 425*s**2 + 206*s + 1259. What is m(212)?
-13
Let h(c) = -c**3 + 33*c**2 - 240*c - 53. Calculate h(22).
-9
Let z(j) = 5*j**2 - 83*j + 171. What is z(15)?
51
Let y(o) = 14*o + 729. What is y(-52)?
1
Let l(o) = 5*o**2 - 71*o + 85. Give l(13).
7
Let p(r) = -r - 49. Give p(-12).
-37
Let t(l) = 21*l**2 - 337*l + 683. Determine t(2).
93
Let p(h) = -2*h**2 + 110*h + 124. Calculate p(56).
12
Let v(t) = 2*t**3 + 10*t**2 - 6*t - 15. Determine v(-6).
-51
Let u(i) = 3727*i - 14892. Determine u(4).
16
Let f(x) = -9*x**3 - 374*x**2 - 206*x - 38. Determine f(-41).
3
Let q(i) = -1395*i - 8369. Give q(-6).
1
Let c(n) = n**3 - 25*n**2 + 19*n + 57. Give c(24).
-63
Let x(k) = -9*k**2 + 17672*k - 17672. Give x(1).
-9
Let t(g) = -59*g**2 + 22*g - 24. Give t(1).
-61
Let w(a) = a**3 + 7*a**2 + 15*a + 11. What is w(-6)?
-43
Let u(a) = 2175*a - 4361. Give u(2).
-11
Let a(m) = 24*m**2 + 486*m + 107. Calculate a(-20).
-13
Let l(m) = -m**3 + 11*m**2 + 17*m - 89. Give l(12).
-29
Let f(m) = m**2 + 13*m. Calculate f(-5).
-40
Let x(n) = -n**3 - 86*n**2 - 483*n - 287. Calculate x(-80).
-47
Let z(o) = -o**3 + 18*o**2 + 67*o + 10. Determine z(-3).
-2
Let k(n) = -7*n - 235. Give k(-52).
129
Let m(a) = -a**3 - 8*a**2 - 4*a + 34. What is m(-4)?
-14
Let c(f) = f**2 - 35*f + 434. Calculate c(18).
128
Let t(i) = -11*i - 381. What is t(-46)?
125
Let n(b) = 440*b + 60723. What is n(-138)?
3
Let n(t) = -5*t**2 - 493*t + 680. Determine n(-100).
-20
Let y(o) = 2*o**2 - 19*o - 171. Give y(-11).
280
Let i(h) = -h**2 + 72*h + 2038. Give i(93).
85
Let w(u) = 51*u**2 + 3*u - 5. Calculate w(1).
49
Let b(r) = 2*r**3 + 34*r**2 - 38*r - 36. Calculate b(-18).
0
Let x(y) = y**2 - 27*y + 28. Give x(26).
2
Let c(h) = -h**2 - 17*h - 51. Calculate c(-6).
15
Let i(y) = -y**2 + 9*y - 18. Determine i(8).
-10
Let j(n) = 849*n + 67072. Calculate j(-79).
1
Let p(t) = -9*t - 100. Give p(-15).
35
Let x(r) = 162*r - 13131. Give x(81).
-9
Let d(o) = o**3 + 27*o**2 + 5*o + 188. Calculate d(-27).
53
Let l(w) = -7412*w + 66729. What is l(9)?
21
Let f(y) = -y**3 + 7*y**2 + 2*y + 34. Determine f(8).
-14
Let t(r) = -1324*r + 4050. Determine t(3).
78
Let z(b) = b**2 - 122*b - 253. Give z(-2).
-5
Let f(a) = -a**3 - 139*a**2 + 3*a + 410. What is f(-139)?
-7
Let n(p) = -2100*p - 18875. Calculate n(-9).
25
Let n(f) = -f**3 + 24*f**2 - 5*f + 152. Calculate n(24).
32
Let f(x) = -x**2 - 942*x + 46477. Determine f(47).
-6
Let a(w) = -8*w + 12. Determine a(23).
-172
Let i(c) = 11*c**2 - 114*c + 24. Give i(10).
-16
Let g(u) = -6891*u - 55118. Calculate g(-8).
10
Let f(p) = -6*p**2 + 57*p + 164. Give f(12).
-16
Let c(q) = -q**3 - 23*q**2 - 94*q - 45. Calculate c(-18).
27
Let y(u) = -u**2 + 30*u - 148. Determine y(6).
-4
Let z(k) = -k**2 + 10*k + 21. Give z(4).
45
Let o(v) = 2*v**2 - 96*v - 157. Determine o(0).
-157
Let t(g) = -64*g + 1845. What is t(29)?
-11
Let v(f) = -f**2 + 125*f + 1203. What is v(-9)?
-3
Let h(v) = 21*v**2 - 20*v - 885. Give h(7).
4
Let n(p) = -p**2 + 5*p + 341. Determine n(-15).
41
Let k(b) = -44*b - 1955. Give k(-43).
-63
Let b(r) = r**2 + 32*r + 20. Calculate b(-35).
125
Let o(p) = -15*p**3 + 123*p**2 - 14*p + 13. Calculate o(8).
93
Let x(v) = -v**2 - 235*v - 6334. Calculate x(-31).
-10
Let k(r) = 2*r**3 + 51*r**2 - 16*r + 76. Calculate k(-26).
-184
Let l(a) = a**2 + 2*a - 771. Give l(-27).
-96
Let h(r) = -r**3 - 6*r**2 - 3*r + 5. Give h(-4).
-15
Let q(o) = -3*o**2 - 5*o + 14. Calculate q(3).
-28
Let g(v) = -4*v**2 + 932*v + 1886. Give g(235).
6
Let q(y) = -3*y**2 - 38*y - 102. Determine q(-8).
10
Let v(c) = -7*c**2 + 5*c - 1. Calculate v(13).
-1119
Let y(o) = 15*o**2 - 3*o - 1. Determine y(-3).
143
Let w(o) = 101*o + 498. Calculate w(-5).
-7
Let h(f) = -f**3 - 17*f**2 + 169*f + 2941. Determine h(-16).
-19
Let f(y) = 34*y - 1236. Calculate f(36).
-12
Let q(o) = o**2 + 44*o - 788. What is q(-58)?
24
Let j(a) = a**3 - 34*a**2 + 88*a + 227. Calculate j(31).
72
Let y(c) = -11*c**3 - 8*c**2 + 21*c - 18. Give y(2).
-96
Let r(t) = 7*t**2 + 73*t + 174. Determine r(-4).
-6
Let n(t) = t**3 - 17*t**2 - 11*t + 143. What is n(17)?
-44
Let z(q) = -q + 457. Calculate z(-52).
509
Let a(d) = -d**3 + 31*d**2 - 237*d + 92. Calculate a(12).
-16
Let r(h) = -7*h**2 + 75*h + 5. Give r(9).
113
Let o(b) = b**2 + 146*b + 5261. What is o(-81)?
-4
Let b(g) = 165*g + 161. Give b(-1).
-4
Let p(i) = 2*i**2 - 70*i + 280. Calculate p(31).
32
Let k(v) = 98*v + 606. Determine k(-7).
-80
Let k(a) = 235*a + 494. What is k(-2)?
24
Let k(g) = g**3 + 41*g**2 + 419*g + 249. What is k(-16)?
-55
Let n(r) = -r**3 + 6*r**2 + 14*r + 23. Give n(9).
-94
Let r(s) = 5*s + 66. Give r(-10).
16
Let j(o) = -o**3 + 2*o**2 - 2*o - 90. What is j(0)?
-90
Let u(f) = 3*f**3 + 17*f**2 - 340*f + 128. Give u(-14).
-12
Let p(r) = 23*r**2 + 18*r + 99. Determine p(-5).
584
Let j(a) = -5*a**3 + 172*a**2 - 69*a - 44. Determine j(34).
-78
Let l(s) = -3*s**2 + 285*s + 2151. Calculate l(-7).
9
Let c(j) = -j**3 - 20*j**2 + 98*j + 56. Determine c(-24).
8
Let i(u) = 6*u**2 - 95*u - 936. Give i(24).
240
Let c(v) = -15*v + 121. Determine c(3).
76
Let n(f) = 2*f**2 - 364*f + 1427. Calculate n(178).
3
Let w(q) = 7*q + 24. Determine w(-20).
-116
Let x(z) = -36*z**2 - z - 9. Give x(0).
-9
Let l(o) = -57*o + 202. Determine l(5).
-83
Let c(g) = g**3 + 14*g**2 + 13*g + 58. What is c(-13)?
58
Let j(w) = -107*w + 393. Give j(3).
72
Let s(m) = 23*m**3 + 5*m**2 + 2*m + 1. What is s(-1)?
-19
Let n(t) = 2*t**3 + 16*t**2 - 4369*t - 34943. Calculate n(-8).
9
Let i(s) = -31*s**2 - 435*s - 2. What is i(-14)?
12
Let d(l) = 11*l + 309. What is d(-31)?
-32
Let i(l) = 2*l**3 - 4*l**2 - 18. Calculate i(5).
132
Let w(m) = 62*m + 2676. Give w(-42).
72
Let c(i) = 67*i**2 - 4*i - 11. What is c(-2)?
265
Let l(t) = -2*t**2 - 383*t + 4030. Give l(10).
0
Let l(c) = 19*c + 105. Determine l(-16).
-199
Let d(n) = n**3 - 7*n**2 - 73*n - 53. What is d(13)?
12
Let s(i) = -2*i**3 + 107*i**2 + 58*i - 11. Determine s(54).
205
Let b(w) = -232*w + 6717. Determine b(29).
-11
Let m(n) = n**3 - 45*n**2 + 162*n - 1. Determine m(4).
-9
Let v(h) = -2*h**3 + 30*h**2 + 97*h + 20. Calculat